{"id":83,"date":"2019-11-06T14:17:07","date_gmt":"2019-11-06T17:17:07","guid":{"rendered":"https:\/\/laplataac.org\/laplataac\/?page_id=83"},"modified":"2019-11-06T14:17:07","modified_gmt":"2019-11-06T17:17:07","slug":"mision","status":"publish","type":"page","link":"https:\/\/laplataac.org\/laplataac\/mision\/","title":{"rendered":"Misi\u00f3n"},"content":{"rendered":"\n<p>Realizar acciones de visibilizaci\u00f3n y divulgaci\u00f3n de la tem\u00e1tica Altas Capacidades, asi como la problem\u00e1tica que acompa\u00f1a a estas caracter\u00edsticas particulares, en el distrito de La Plata.<\/p>\n","protected":false},"excerpt":{"rendered":"<p>Realizar acciones de visibilizaci\u00f3n y divulgaci\u00f3n de la tem\u00e1tica Altas Capacidades, asi como la problem\u00e1tica que acompa\u00f1a a estas caracter\u00edsticas particulares, en el distrito de La Plata.<\/p>\n","protected":false},"author":1,"featured_media":0,"parent":0,"menu_order":0,"comment_status":"closed","ping_status":"closed","template":"","meta":{"footnotes":""},"_links":{"self":[{"href":"https:\/\/laplataac.org\/laplataac\/wp-json\/wp\/v2\/pages\/83"}],"collection":[{"href":"https:\/\/laplataac.org\/laplataac\/wp-json\/wp\/v2\/pages"}],"about":[{"href":"https:\/\/laplataac.org\/laplataac\/wp-json\/wp\/v2\/types\/page"}],"author":[{"embeddable":true,"href":"https:\/\/laplataac.org\/laplataac\/wp-json\/wp\/v2\/users\/1"}],"replies":[{"embeddable":true,"href":"https:\/\/laplataac.org\/laplataac\/wp-json\/wp\/v2\/comments?post=83"}],"version-history":[{"count":1,"href":"https:\/\/laplataac.org\/laplataac\/wp-json\/wp\/v2\/pages\/83\/revisions"}],"predecessor-version":[{"id":84,"href":"https:\/\/laplataac.org\/laplataac\/wp-json\/wp\/v2\/pages\/83\/revisions\/84"}],"wp:attachment":[{"href":"https:\/\/laplataac.org\/laplataac\/wp-json\/wp\/v2\/media?parent=83"}],"curies":[{"name":"wp","href":"https:\/\/api.w.org\/{rel}","templated":true}]}}