{"id":17,"date":"2019-08-11T14:04:29","date_gmt":"2019-08-11T14:04:29","guid":{"rendered":"https:\/\/laplataac.org\/laplataac\/?page_id=17"},"modified":"2019-11-06T12:28:56","modified_gmt":"2019-11-06T15:28:56","slug":"quienes-somos","status":"publish","type":"page","link":"https:\/\/laplataac.org\/laplataac\/quienes-somos\/","title":{"rendered":"Quienes somos"},"content":{"rendered":"\n<p>Somos un grupo de familias de la\u00a0ciudad de La Plata, reunidas con el objetivo en com\u00fan de realizar acciones de visibilizaci\u00f3n de las Altas Capacidades (AC) en nuestro distrito, as\u00ed como de la problem\u00e1tica que acompa\u00f1a a estas caracter\u00edsticas particulares cuando no son atendidas sus necesidades espec\u00edficas.<\/p>\n","protected":false},"excerpt":{"rendered":"<p>Somos un grupo de familias de la\u00a0ciudad de La Plata, reunidas con el objetivo en com\u00fan de realizar acciones de visibilizaci\u00f3n de las Altas Capacidades (AC) en nuestro distrito, as\u00ed como de la problem\u00e1tica que acompa\u00f1a a estas caracter\u00edsticas particulares cuando no son atendidas sus necesidades espec\u00edficas.<\/p>\n","protected":false},"author":1,"featured_media":0,"parent":0,"menu_order":0,"comment_status":"closed","ping_status":"closed","template":"","meta":{"footnotes":""},"_links":{"self":[{"href":"https:\/\/laplataac.org\/laplataac\/wp-json\/wp\/v2\/pages\/17"}],"collection":[{"href":"https:\/\/laplataac.org\/laplataac\/wp-json\/wp\/v2\/pages"}],"about":[{"href":"https:\/\/laplataac.org\/laplataac\/wp-json\/wp\/v2\/types\/page"}],"author":[{"embeddable":true,"href":"https:\/\/laplataac.org\/laplataac\/wp-json\/wp\/v2\/users\/1"}],"replies":[{"embeddable":true,"href":"https:\/\/laplataac.org\/laplataac\/wp-json\/wp\/v2\/comments?post=17"}],"version-history":[{"count":2,"href":"https:\/\/laplataac.org\/laplataac\/wp-json\/wp\/v2\/pages\/17\/revisions"}],"predecessor-version":[{"id":48,"href":"https:\/\/laplataac.org\/laplataac\/wp-json\/wp\/v2\/pages\/17\/revisions\/48"}],"wp:attachment":[{"href":"https:\/\/laplataac.org\/laplataac\/wp-json\/wp\/v2\/media?parent=17"}],"curies":[{"name":"wp","href":"https:\/\/api.w.org\/{rel}","templated":true}]}}